 217. What is the hundreds digit of f?
2
Let a = 5687 + -784. What is the hundreds digit of a?
9
Let o be -83*6*96/(-18). Suppose 0 = -18*u + 10738 - o. Suppose u - 11 = 2*d. What is the units digit of d?
9
Let t = -18436 + 44407. What is the thousands digit of t?
5
Let h(l) = 6*l**2 + 3*l + 2 - 88*l**3 + 89*l**3 - 8*l. Let q be h(-7). Let u(t) = t + 23. What is the tens digit of u(q)?
1
Let q(g) = 19*g**3 + 19*g**2 - 138*g - 75. What is the thousands digit of q(13)?
3
Let c(b) = b + 5. Let k be c(-4). Suppose -k = -u, 3*u = -n + 4*u + 24. Let v = n - -43. What is the tens digit of v?
6
Let t = 70 - 53. Let g be (20 - t)*(-88)/6. Let c = g - -167. What is the hundreds digit of c?
1
Suppose -b - 4*b - 5*x = -70, -2*b + 5*x = -63. Let a = b - 13. Suppose a*m - 95 = 667. What is the tens digit of m?
2
Suppose 0 = 4*b + 37 - 37. Suppose 4*g + 4*h - 28 = 0, g = h + 5 - b. Suppose -5*p + 586 = 2*o, -g*p + 3*o + 242 = -4*p. What is the tens digit of p?
1
Suppose 2*m - 6517 = 29995. What is the hundreds digit of m?
2
Let t be 3 - (-1)/(4/52). Suppose 9*i = -4*i + 6786. Suppose -18*j + t*j + i = 0. What is the hundreds digit of j?
2
Suppose -2*o = -4*r - 42168 - 21276, -3*o - r + 95222 = 0. What is the tens digit of o?
3
Suppose 52757 = 78*r - 112517 - 167396. What is the tens digit of r?
6
Suppose -273 = -j + z, 5*z = -2*j - 176 + 729. What is the hundreds digit of j?
2
Suppose -5*y + 3*x = 5*x - 16576, -2*y = 3*x - 6637. Suppose 15806 = 9*d + y. What is the hundreds digit of d?
3
Suppose 10*b = 14*b - 1300. Suppose 4*y + 199 + b = 0. Let w = 289 + y. What is the hundreds digit of w?
1
Let h(o) = o**2 - o - 47. Let k be h(8). Suppose -s - 3911 = k*q - 13*q, s = 5. What is the hundreds digit of q?
9
Suppose -180*u + 175*u = -30. What is the hundreds digit of 180 - u*(-3 - -4)?
1
Suppose -61*q + 57*q - 25940 = -3*k, k = 2*q + 8646. What is the thousands digit of k?
8
Let l(x) = 37*x**2 + 101*x - 1391. What is the hundreds digit of l(19)?
8
Let o = -15873 + 48369. Suppose -33*b + o = 15*b. What is the hundreds digit of b?
6
Let r(w) = 191*w**2 + w + 5689. What is the tens digit of r(0)?
8
Suppose 0 = -71*a + 54*a. Suppose 4*s + 2374 - 6238 = a. What is the units digit of s?
6
Let s = -10776 - -51019. What is the hundreds digit of s?
2
Let j(v) be the first derivative of v**2 + 5*v + 1. Let k be j(6). Suppose f + 3*u - 44 = -k, -2*f + 4*u = -64. What is the tens digit of f?
3
Let f be 7 + -3 + -12 - -22. Suppose -3*k = -f*k + 3311. What is the tens digit of k?
0
Let k(g) = 32*g + 490. Let l = -16 - -46. What is the thousands digit of k(l)?
1
Suppose -g - 129937 = -3*j, -94241 - 165617 = -6*j - 2*g. What is the tens digit of j?
1
Let l be ((-40)/(-32))/((3/4)/3). Let h(r) = 85*r - 79. What is the hundreds digit of h(l)?
3
Let m = 37 - 88. Let j = m + 52. What is the units digit of 2 + 55 + (-3 - j - -2)?
5
Let g(i) = -21*i**2 + 15*i - 11. Let h be g(7). Let n = h + 1384. What is the units digit of n?
9
Suppose f - 7*j = -4*j + 1, 0 = -3*j - 6. What is the units digit of 3/f + 164520/200?
2
Let c(r) = -19*r + 6. Let x be c(-10). Let s(b) = -304*b**3 + b**2 + 6*b + 5. Let f be s(-1). Let p = f - x. What is the hundreds digit of p?
1
Let h(j) = -5*j - 8. Let m be h(-1). Let i(q) = -30*q**3 + q**2 + 5*q + 7. What is the units digit of i(m)?
1
Suppose -1124 = -g - f + 1019, -g - 2*f + 2141 = 0. Suppose -25*m + 3605 = -g. What is the hundreds digit of m?
2
Let q(m) = 48*m**2 - 145*m - 44. What is the ten thousands digit of q(-27)?
3
Let r(v) = -5*v**3 + 5*v**2 + 15*v + 24. Let k(y) = -y**3 + y**2 + 2*y - 1. Let g(s) = -4*k(s) + r(s). What is the hundreds digit of g(-8)?
5
Let c be 0 - 7/((-35)/15). Suppose 0 = 5*g + 5*j - 80, -g - c*g = j - 76. Suppose -19*q = -g*q + 52. What is the units digit of q?
2
Suppose -479*v + 5*o = -483*v + 66699, -4*v + 66681 = -o. What is the thousands digit of v?
6
Let y be ((-126)/12)/7 + (-26)/(-4). What is the hundreds digit of (-41236)/(-260) - (8/y + -2)?
1
Let g = 585 - 377. Let c = g - 5624. What is the tens digit of (-4)/6 + c/(-24)?
2
Suppose -29*z - 18100 = -27*z. What is the thousands digit of (-36)/(-20)*z/(-10)?
1
Let l(n) = n + 16. Let r be (-15)/(-35) - (-1 + 4/(-7)). Let x(k) = k + 6. Let y be x(r). What is the tens digit of l(y)?
2
Let k be (-33)/2*(-4416)/144. Suppose 0 = f - k - 102. What is the hundreds digit of f?
6
What is the thousands digit of (-16)/(-4) + 6898 - (-3 - 4 - -7)?
6
Let o(s) = 14*s**3 + 10*s**2 + 24*s + 7. Let p(w) = -w**3 + w**2 + w + 1. Let d(v) = -o(v) + 5*p(v). What is the units digit of d(-3)?
3
Suppose -77*g = -79*g + 3658. Suppose -3*i - 323 = -g. What is the hundreds digit of i?
5
Let k(p) = -p**2 - 9*p + 32. Let h be k(-11). What is the thousands digit of 10742/h - 6*28/(-210)?
1
Let r be 2280/(-12) - 2*(-3)/(-2). Let q = -366 - r. Let x = q + 267. What is the tens digit of x?
9
What is the tens digit of (6 - -2) + (-12 - -11) + 2324?
3
Let i = 63202 - 35603. What is the thousands digit of i?
7
Let o be (2 + 0 + -5)*(-4)/3. Suppose -4*w - 2 = u - 8, -4 = -o*w. Suppose 0*z = 5*n + z - 174, -3*z = -u*n + 56. What is the units digit of n?
4
Let y be 25/4 + (203/(-28) - -7). Suppose -3*p = 5*x + 46, -5*p = -y*p + x - 2. What is the hundreds digit of (-244)/(-3)*(-12)/56*p?
1
Suppose 0 = -6*h + 8*h - 572. Suppose -584 = -3*w - 3*l + h, 5*w - 5*l - 1500 = 0. What is the tens digit of w?
9
Let d = -30811 + 49307. What is the units digit of d?
6
Let j = -13096 - -37900. What is the units digit of j?
4
Let w be ((-80)/48)/(2/(-12)). Suppose -w*o + 6490 = -730. What is the tens digit of o?
2
Let j = 657 + -340. Let u = j + 41. Suppose -7*d + u = -293. What is the tens digit of d?
9
Let v(b) = b**2 + 16*b - 3. Let q be v(-17). Suppose 2*c = -q + 2. Let r = c + 55. What is the units digit of r?
9
Suppose 13*p - 14*p - 16 = 0. Let k be ((-7)/28)/(2/p). What is the tens digit of k/(22/365) + 24/(-132)?
3
Let z = -113 + 169. Suppose -26 = -2*d - 0*w - 4*w, 5*d - 3*w - 26 = 0. What is the units digit of z + d/(14/8)?
0
Let l = 146 - 146. Suppose -w - 3*d = -62, -10*w + 7*w + 4*d + 225 = l. What is the tens digit of w?
7
Suppose -37223 = -2*h - 5*a, 110*a = 3*h + 108*a - 55844. What is the thousands digit of h?
8
Suppose -2*l = -0*s - s + 11, -s - 3*l = 14. Suppose -f - x - 4 = -s, -f + 3*x + 17 = 0. Suppose d + 4*y = 103, -d - y - 93 = -f*d. What is the tens digit of d?
9
Suppose 3*f = 3*u - 36, -4*u + 21 = -3*f - 13. Let l(m) be the first derivative of 2*m**3/3 + 21*m**2/2 + 9*m + 981. What is the units digit of l(f)?
7
Let n = -1256 + 2126. Suppose 8*l - n + 118 = 0. What is the tens digit of l?
9
Let h = -4649 - -12936. What is the hundreds digit of h?
2
Let l(p) = -38*p + 20. Let r = 317 - 324. What is the tens digit of l(r)?
8
Suppose -y + 3*b + 3 + 5 = 0, 16 = 2*y + 3*b. Let l = -25 + 28. Suppose -270 = -y*h + l*h + 5*c, -2*h - 4*c + 126 = 0. What is the tens digit of h?
5
Suppose 5*d + 4*i - 27 = 0, -15 = 2*d - 5*d - 3*i. Suppose -42 = d*y - 252. Suppose -3*o - 2*x = -y - 147, 5*x + 59 = o. What is the tens digit of o?
5
Suppose -354*s = -364*s + 49840. What is the hundreds digit of s?
9
Let b be (-181 - (0 - -8))*3/(-9). What is the units digit of 7/b - (-25870)/45?
5
Suppose 24607 = 2*v + 3*r, 2*v - 151*r - 24597 = -152*r. What is the ten thousands digit of v?
1
Let w(k) be the first derivative of -k**4/4 - 4*k**3/3 + 19*k**2/2 + 37*k + 163. What is the hundreds digit of w(-11)?
6
Suppose 0 = -7*c - 9050 + 32448 + 20289. What is the tens digit of c?
4
Suppose -3*f + 20*k = 18*k - 18, -5*k = -f + 19. What is the units digit of -252*(2/(-6))/(f/18)?
8
Suppose 4*j = -z + 103671, -j + 34221 = -4*z + 8282. What is the tens digit of j?
1
Let f be (-438)/(-2) - (-54)/(-18). Suppose 5*w + 4*j = 2*w + 138, -5*w = 2*j - f. What is the tens digit of w?
4
Let y(g) = g**2 - 4*g - 1. Let f be y(5). Suppose 0 = -f*a + 10*a + 6. Let i(s) = -16*s**3 - s**2 - 2*s - 1. What is the units digit of i(a)?
6
Suppose -k = 2*y - 9565, 5*y + 1541 + 17643 = 2*k. What is the tens digit of k?
7
Suppose 8*k - 1535 = 1185. Let f = 375 - k. What is the units digit of f?
5
Let x(z) = 5*z**3 + 2*z**2 + z - 1. Let h be x(1). Suppose -512 = -h*d - 197. Let u = -31 + d. What is the tens digit of u?
1
Let n(x) = 9*x**3 + 2*x**